{"id":32232,"date":"2025-08-18T15:44:51","date_gmt":"2025-08-18T13:44:51","guid":{"rendered":"https:\/\/www.cuesystem.com\/was-ist-neu\/cue-an-der-dtu-2025\/"},"modified":"2025-08-19T13:27:18","modified_gmt":"2025-08-19T11:27:18","slug":"cue-an-der-dtu-2025","status":"publish","type":"page","link":"https:\/\/www.cuesystem.com\/de\/was-ist-neu\/cue-an-der-dtu-2025\/","title":{"rendered":"CUE an der DTU 2025"},"content":{"rendered":"\t\t<div data-elementor-type=\"wp-page\" data-elementor-id=\"32232\" class=\"elementor elementor-32232 elementor-32126\" data-elementor-post-type=\"page\">\n\t\t\t\t<div class=\"elementor-element elementor-element-ee5dd2a e-con-full e-flex e-con e-child\" data-id=\"ee5dd2a\" data-element_type=\"container\" data-e-type=\"container\">\n\t\t\t\t<div class=\"elementor-element elementor-element-3f54a66 elementor-widget elementor-widget-heading\" data-id=\"3f54a66\" data-element_type=\"widget\" data-e-type=\"widget\" data-widget_type=\"heading.default\">\n\t\t\t\t<div class=\"elementor-widget-container\">\n\t\t\t\t\t<h3 class=\"elementor-heading-title elementor-size-default\">Veranstaltungen<\/h3>\t\t\t\t<\/div>\n\t\t\t\t<\/div>\n\t\t\t\t<div class=\"elementor-element elementor-element-15d3498 elementor-widget elementor-widget-heading\" data-id=\"15d3498\" data-element_type=\"widget\" data-e-type=\"widget\" data-widget_type=\"heading.default\">\n\t\t\t\t<div class=\"elementor-widget-container\">\n\t\t\t\t\t<h1 class=\"elementor-heading-title elementor-size-default\">CUE an der DTU 2025<\/h1>\t\t\t\t<\/div>\n\t\t\t\t<\/div>\n\t\t\t\t<div class=\"elementor-element elementor-element-f9558da elementor-widget-divider--view-line elementor-widget elementor-widget-divider\" data-id=\"f9558da\" data-element_type=\"widget\" data-e-type=\"widget\" data-widget_type=\"divider.default\">\n\t\t\t\t<div class=\"elementor-widget-container\">\n\t\t\t\t\t\t\t<div class=\"elementor-divider\">\n\t\t\t<span class=\"elementor-divider-separator\">\n\t\t\t\t\t\t<\/span>\n\t\t<\/div>\n\t\t\t\t\t\t<\/div>\n\t\t\t\t<\/div>\n\t\t<div class=\"elementor-element elementor-element-1da5e70 e-grid e-con-boxed e-con e-child\" data-id=\"1da5e70\" data-element_type=\"container\" data-e-type=\"container\">\n\t\t\t\t\t<div class=\"e-con-inner\">\n\t\t<div class=\"elementor-element elementor-element-cafd5a0 e-con-full e-flex e-con e-child\" data-id=\"cafd5a0\" data-element_type=\"container\" data-e-type=\"container\">\n\t\t\t\t<div class=\"elementor-element elementor-element-371961c elementor-widget elementor-widget-text-editor\" data-id=\"371961c\" data-element_type=\"widget\" data-e-type=\"widget\" data-widget_type=\"text-editor.default\">\n\t\t\t\t<div class=\"elementor-widget-container\">\n\t\t\t\t\t\t\t\t\t<p data-renderer-start-pos=\"137\">Wir freuen uns, ank\u00fcndigen zu k\u00f6nnen, dass CUE an der kommenden Konferenz <em data-renderer-mark=\"true\">zur digitalen Transformation von Universit\u00e4ten<\/em> teilnehmen wird, die am <strong data-renderer-mark=\"true\">10. September 2025<\/strong> in der Arno\u0161t von Pardubice-Halle der Universit\u00e4t Pardubice stattfinden wird.<\/p><p data-renderer-start-pos=\"346\">Sie k\u00f6nnen uns am Stand unseres tschechischen Distributors <strong data-renderer-mark=\"true\"><span data-highlighted=\"true\" data-vc=\"highlighted-text\"><span class=\"_kqswh2mm\"><span class=\"_5pioz8co _189eyh40 _1il9buyh _19lcevot _d0altlke\" data-testid=\"definition-highlighter\">AV<\/span><\/span><\/span> Media<\/strong> treffen, der ebenfalls Partner der Veranstaltung ist. CUE wird von <strong data-renderer-mark=\"true\">Jaroslav Dibitanzl, dem Vorsitzenden des Verwaltungsrats<\/strong>, vertreten. <\/p>\t\t\t\t\t\t\t\t<\/div>\n\t\t\t\t<\/div>\n\t\t\t\t<\/div>\n\t\t<div class=\"elementor-element elementor-element-ff033a0 e-con-full e-flex e-con e-child\" data-id=\"ff033a0\" data-element_type=\"container\" data-e-type=\"container\">\n\t\t\t\t<div class=\"elementor-element elementor-element-e36b8ce elementor-widget elementor-widget-image\" data-id=\"e36b8ce\" data-element_type=\"widget\" data-e-type=\"widget\" data-widget_type=\"image.default\">\n\t\t\t\t<div class=\"elementor-widget-container\">\n\t\t\t\t\t\t\t\t\t\t\t\t\t\t\t<img fetchpriority=\"high\" decoding=\"async\" width=\"1024\" height=\"683\" src=\"https:\/\/www.cuesystem.com\/wp-content\/uploads\/2025\/08\/DSC_8175.jpg-1024x683.webp\" class=\"attachment-large size-large wp-image-32134\" alt=\"\" srcset=\"https:\/\/www.cuesystem.com\/wp-content\/uploads\/2025\/08\/DSC_8175.jpg-1024x683.webp 1024w, https:\/\/www.cuesystem.com\/wp-content\/uploads\/2025\/08\/DSC_8175.jpg-300x200.webp 300w, https:\/\/www.cuesystem.com\/wp-content\/uploads\/2025\/08\/DSC_8175.jpg.webp 1920w\" sizes=\"(max-width: 1024px) 100vw, 1024px\" \/>\t\t\t\t\t\t\t\t\t\t\t\t\t\t\t<\/div>\n\t\t\t\t<\/div>\n\t\t\t\t<\/div>\n\t\t\t\t\t<\/div>\n\t\t\t\t<\/div>\n\t\t<div class=\"elementor-element elementor-element-d7cd6ef e-flex e-con-boxed e-con e-child\" data-id=\"d7cd6ef\" data-element_type=\"container\" data-e-type=\"container\">\n\t\t\t\t\t<div class=\"e-con-inner\">\n\t\t<div class=\"elementor-element elementor-element-eee8373 e-grid e-con-full e-con e-child\" data-id=\"eee8373\" data-element_type=\"container\" data-e-type=\"container\">\n\t\t<div class=\"elementor-element elementor-element-92d208f e-con-full e-flex e-con e-child\" data-id=\"92d208f\" data-element_type=\"container\" data-e-type=\"container\">\n\t\t\t\t<div class=\"elementor-element elementor-element-f8359be elementor-widget elementor-widget-image\" data-id=\"f8359be\" data-element_type=\"widget\" data-e-type=\"widget\" data-widget_type=\"image.default\">\n\t\t\t\t<div class=\"elementor-widget-container\">\n\t\t\t\t\t\t\t\t\t\t\t\t\t\t\t<img decoding=\"async\" width=\"1024\" height=\"683\" src=\"https:\/\/www.cuesystem.com\/wp-content\/uploads\/2025\/08\/DSC_8722.jpg-1024x683.webp\" class=\"attachment-large size-large wp-image-32139\" alt=\"\" srcset=\"https:\/\/www.cuesystem.com\/wp-content\/uploads\/2025\/08\/DSC_8722.jpg-1024x683.webp 1024w, https:\/\/www.cuesystem.com\/wp-content\/uploads\/2025\/08\/DSC_8722.jpg-300x200.webp 300w, https:\/\/www.cuesystem.com\/wp-content\/uploads\/2025\/08\/DSC_8722.jpg.webp 1920w\" sizes=\"(max-width: 1024px) 100vw, 1024px\" \/>\t\t\t\t\t\t\t\t\t\t\t\t\t\t\t<\/div>\n\t\t\t\t<\/div>\n\t\t\t\t<\/div>\n\t\t<div class=\"elementor-element elementor-element-2a02dc3 e-con-full e-flex e-con e-child\" data-id=\"2a02dc3\" data-element_type=\"container\" data-e-type=\"container\">\n\t\t\t\t<div class=\"elementor-element elementor-element-e36630d elementor-widget elementor-widget-text-editor\" data-id=\"e36630d\" data-element_type=\"widget\" data-e-type=\"widget\" data-widget_type=\"text-editor.default\">\n\t\t\t\t<div class=\"elementor-widget-container\">\n\t\t\t\t\t\t\t\t\t<p data-renderer-start-pos=\"528\">Die Konferenz, die von der Universit\u00e4t Pardubice unter der Schirmherrschaft des Ministeriums f\u00fcr Bildung, Jugend und Sport (M\u0160MT) und <span data-highlighted=\"true\" data-vc=\"highlighted-text\"><span class=\"_kqswh2mm\"><span class=\"_5pioz8co _189eyh40 _1il9buyh _19lcevot _d0altlke\" data-testid=\"definition-highlighter\">EUNIS<\/span><\/span><\/span>organisiert wird, bringt Universit\u00e4tsleitungen, IT-Experten und staatliche Institutionen zusammen. Sie konzentriert sich auf strategische und technologische Aspekte der Digitalisierung, von Prozessmanagement und rechtlichen Rahmenbedingungen bis hin zu Datenanalyse und Cybersicherheit. <\/p><p data-renderer-start-pos=\"902\">Wir freuen uns darauf, an dieser wichtigen Diskussion \u00fcber die Zukunft der digitalen Transformation in der Hochschulbildung teilzunehmen.<\/p><p data-renderer-start-pos=\"902\"><strong>Mehr \u00fcber diese Veranstaltung unter <a class=\"_mizu1p6i _1ah31bk5 _ra3xnqa1 _128m1bk5 _1cvmnqa1 _4davt94y _4bfu18uv _1hms8stv _ajmmnqa1 _vchhusvi _kqswh2mm _syaz14q2 _ect41gqc _1a3b18uv _4fpr8stv _5goinqa1 _f8pj14q2 _9oik18uv _1bnxglyw _jf4cnqa1 _30l314q2 _1nrm18uv _c2waglyw _1iohnqa1 _9h8h16c2 _1053w7te _1ienw7te _n0fxw7te _1vhvg3x0\" title=\"https:\/\/digitalni-transformace-univerzit.cz\/\" href=\"https:\/\/digitalni-transformace-univerzit.cz\/\" data-renderer-mark=\"true\" data-is-router-link=\"false\" data-testid=\"link-with-safety\">https:\/\/digitalni-transformace-univerzit.cz\/.<\/a><\/strong><\/p>\t\t\t\t\t\t\t\t<\/div>\n\t\t\t\t<\/div>\n\t\t\t\t<\/div>\n\t\t\t\t<\/div>\n\t\t\t\t\t<\/div>\n\t\t\t\t<\/div>\n\t\t\t\t<\/div>\n\t\t\t\t<\/div>\n\t\t","protected":false},"excerpt":{"rendered":"<p>Veranstaltungen CUE an der DTU 2025 Wir freuen uns, ank\u00fcndigen zu k\u00f6nnen, dass CUE an der kommenden Konferenz zur digitalen Transformation von Universit\u00e4ten teilnehmen wird, die am 10. September 2025 in der Arno\u0161t von Pardubice-Halle der Universit\u00e4t Pardubice stattfinden wird. Sie k\u00f6nnen uns am Stand unseres tschechischen Distributors AV Media treffen, der ebenfalls Partner der <a href=\"https:\/\/www.cuesystem.com\/de\/was-ist-neu\/cue-an-der-dtu-2025\/\" class=\"more-link\">\u2026\u00a0<span class=\"screen-reader-text\">  CUE an der DTU 2025<\/span><\/a><\/p>\n","protected":false},"author":11,"featured_media":0,"parent":31299,"menu_order":151,"comment_status":"closed","ping_status":"closed","template":"","meta":{"_acf_changed":false,"inline_featured_image":false,"footnotes":""},"kategorie":[],"class_list":["post-32232","page","type-page","status-publish","hentry"],"acf":[],"_links":{"self":[{"href":"https:\/\/www.cuesystem.com\/de\/wp-json\/wp\/v2\/pages\/32232","targetHints":{"allow":["GET"]}}],"collection":[{"href":"https:\/\/www.cuesystem.com\/de\/wp-json\/wp\/v2\/pages"}],"about":[{"href":"https:\/\/www.cuesystem.com\/de\/wp-json\/wp\/v2\/types\/page"}],"author":[{"embeddable":true,"href":"https:\/\/www.cuesystem.com\/de\/wp-json\/wp\/v2\/users\/11"}],"replies":[{"embeddable":true,"href":"https:\/\/www.cuesystem.com\/de\/wp-json\/wp\/v2\/comments?post=32232"}],"version-history":[{"count":1,"href":"https:\/\/www.cuesystem.com\/de\/wp-json\/wp\/v2\/pages\/32232\/revisions"}],"predecessor-version":[{"id":32233,"href":"https:\/\/www.cuesystem.com\/de\/wp-json\/wp\/v2\/pages\/32232\/revisions\/32233"}],"up":[{"embeddable":true,"href":"https:\/\/www.cuesystem.com\/de\/wp-json\/wp\/v2\/pages\/31299"}],"wp:attachment":[{"href":"https:\/\/www.cuesystem.com\/de\/wp-json\/wp\/v2\/media?parent=32232"}],"wp:term":[{"taxonomy":"kategorie","embeddable":true,"href":"https:\/\/www.cuesystem.com\/de\/wp-json\/wp\/v2\/kategorie?post=32232"}],"curies":[{"name":"wp","href":"https:\/\/api.w.org\/{rel}","templated":true}]}}

<div data-elementor-type="wp-page" data-elementor-id="32232" class="elementor elementor-32232 elementor-32126" data-elementor-post-type="page">
				<div class="elementor-element elementor-element-ee5dd2a e-con-full e-flex e-con e-child" data-id="ee5dd2a" data-element_type="container" data-e-type="container">
				<div class="elementor-element elementor-element-3f54a66 elementor-widget elementor-widget-heading" data-id="3f54a66" data-element_type="widget" data-e-type="widget" data-widget_type="heading.default">
				<div class="elementor-widget-container">
					<h3 class="elementor-heading-title elementor-size-default">Veranstaltungen</h3>				</div>
				</div>
				<div class="elementor-element elementor-element-15d3498 elementor-widget elementor-widget-heading" data-id="15d3498" data-element_type="widget" data-e-type="widget" data-widget_type="heading.default">
				<div class="elementor-widget-container">
					<h1 class="elementor-heading-title elementor-size-default">CUE an der DTU 2025</h1>				</div>
				</div>
				<div class="elementor-element elementor-element-f9558da elementor-widget-divider--view-line elementor-widget elementor-widget-divider" data-id="f9558da" data-element_type="widget" data-e-type="widget" data-widget_type="divider.default">
				<div class="elementor-widget-container">
							<div class="elementor-divider">
			<span class="elementor-divider-separator">
						</span>
		</div>
						</div>
				</div>
		<div class="elementor-element elementor-element-1da5e70 e-grid e-con-boxed e-con e-child" data-id="1da5e70" data-element_type="container" data-e-type="container">
					<div class="e-con-inner">
		<div class="elementor-element elementor-element-cafd5a0 e-con-full e-flex e-con e-child" data-id="cafd5a0" data-element_type="container" data-e-type="container">
				<div class="elementor-element elementor-element-371961c elementor-widget elementor-widget-text-editor" data-id="371961c" data-element_type="widget" data-e-type="widget" data-widget_type="text-editor.default">
				<div class="elementor-widget-container">
									<p data-renderer-start-pos="137">Wir freuen uns, ankündigen zu können, dass CUE an der kommenden Konferenz <em data-renderer-mark="true">zur digitalen Transformation von Universitäten</em> teilnehmen wird, die am <strong data-renderer-mark="true">10. September 2025</strong> in der Arnošt von Pardubice-Halle der Universität Pardubice stattfinden wird.</p><p data-renderer-start-pos="346">Sie können uns am Stand unseres tschechischen Distributors <strong data-renderer-mark="true"><span data-highlighted="true" data-vc="highlighted-text"><span class="_kqswh2mm"><span class="_5pioz8co _189eyh40 _1il9buyh _19lcevot _d0altlke" data-testid="definition-highlighter">AV</span></span></span> Media</strong> treffen, der ebenfalls Partner der Veranstaltung ist. CUE wird von <strong data-renderer-mark="true">Jaroslav Dibitanzl, dem Vorsitzenden des Verwaltungsrats</strong>, vertreten. </p>								</div>
				</div>
				</div>
		<div class="elementor-element elementor-element-ff033a0 e-con-full e-flex e-con e-child" data-id="ff033a0" data-element_type="container" data-e-type="container">
				<div class="elementor-element elementor-element-e36b8ce elementor-widget elementor-widget-image" data-id="e36b8ce" data-element_type="widget" data-e-type="widget" data-widget_type="image.default">
				<div class="elementor-widget-container">
															<img fetchpriority="high" decoding="async" width="1024" height="683" src="https://www.cuesystem.com/wp-content/uploads/2025/08/DSC_8175.jpg-1024x683.webp" class="attachment-large size-large wp-image-32134" alt="" srcset="https://www.cuesystem.com/wp-content/uploads/2025/08/DSC_8175.jpg-1024x683.webp 1024w, https://www.cuesystem.com/wp-content/uploads/2025/08/DSC_8175.jpg-300x200.webp 300w, https://www.cuesystem.com/wp-content/uploads/2025/08/DSC_8175.jpg.webp 1920w" sizes="(max-width: 1024px) 100vw, 1024px" />															</div>
				</div>
				</div>
					</div>
				</div>
		<div class="elementor-element elementor-element-d7cd6ef e-flex e-con-boxed e-con e-child" data-id="d7cd6ef" data-element_type="container" data-e-type="container">
					<div class="e-con-inner">
		<div class="elementor-element elementor-element-eee8373 e-grid e-con-full e-con e-child" data-id="eee8373" data-element_type="container" data-e-type="container">
		<div class="elementor-element elementor-element-92d208f e-con-full e-flex e-con e-child" data-id="92d208f" data-element_type="container" data-e-type="container">
				<div class="elementor-element elementor-element-f8359be elementor-widget elementor-widget-image" data-id="f8359be" data-element_type="widget" data-e-type="widget" data-widget_type="image.default">
				<div class="elementor-widget-container">
															<img decoding="async" width="1024" height="683" src="https://www.cuesystem.com/wp-content/uploads/2025/08/DSC_8722.jpg-1024x683.webp" class="attachment-large size-large wp-image-32139" alt="" srcset="https://www.cuesystem.com/wp-content/uploads/2025/08/DSC_8722.jpg-1024x683.webp 1024w, https://www.cuesystem.com/wp-content/uploads/2025/08/DSC_8722.jpg-300x200.webp 300w, https://www.cuesystem.com/wp-content/uploads/2025/08/DSC_8722.jpg.webp 1920w" sizes="(max-width: 1024px) 100vw, 1024px" />															</div>
				</div>
				</div>
		<div class="elementor-element elementor-element-2a02dc3 e-con-full e-flex e-con e-child" data-id="2a02dc3" data-element_type="container" data-e-type="container">
				<div class="elementor-element elementor-element-e36630d elementor-widget elementor-widget-text-editor" data-id="e36630d" data-element_type="widget" data-e-type="widget" data-widget_type="text-editor.default">
				<div class="elementor-widget-container">
									<p data-renderer-start-pos="528">Die Konferenz, die von der Universität Pardubice unter der Schirmherrschaft des Ministeriums für Bildung, Jugend und Sport (MŠMT) und <span data-highlighted="true" data-vc="highlighted-text"><span class="_kqswh2mm"><span class="_5pioz8co _189eyh40 _1il9buyh _19lcevot _d0altlke" data-testid="definition-highlighter">EUNIS</span></span></span>organisiert wird, bringt Universitätsleitungen, IT-Experten und staatliche Institutionen zusammen. Sie konzentriert sich auf strategische und technologische Aspekte der Digitalisierung, von Prozessmanagement und rechtlichen Rahmenbedingungen bis hin zu Datenanalyse und Cybersicherheit. </p><p data-renderer-start-pos="902">Wir freuen uns darauf, an dieser wichtigen Diskussion über die Zukunft der digitalen Transformation in der Hochschulbildung teilzunehmen.</p><p data-renderer-start-pos="902"><strong>Mehr über diese Veranstaltung unter <a class="_mizu1p6i _1ah31bk5 _ra3xnqa1 _128m1bk5 _1cvmnqa1 _4davt94y _4bfu18uv _1hms8stv _ajmmnqa1 _vchhusvi _kqswh2mm _syaz14q2 _ect41gqc _1a3b18uv _4fpr8stv _5goinqa1 _f8pj14q2 _9oik18uv _1bnxglyw _jf4cnqa1 _30l314q2 _1nrm18uv _c2waglyw _1iohnqa1 _9h8h16c2 _1053w7te _1ienw7te _n0fxw7te _1vhvg3x0" title="https://digitalni-transformace-univerzit.cz/" href="https://digitalni-transformace-univerzit.cz/" data-renderer-mark="true" data-is-router-link="false" data-testid="link-with-safety">https://digitalni-transformace-univerzit.cz/.</a></strong></p>								</div>
				</div>
				</div>
				</div>
					</div>
				</div>
				</div>
				</div>

<p>Veranstaltungen CUE an der DTU 2025 Wir freuen uns, ankündigen zu können, dass CUE an der kommenden Konferenz zur digitalen Transformation von Universitäten teilnehmen wird, die am 10. September 2025 in der Arnošt von Pardubice-Halle der Universität Pardubice stattfinden wird. Sie können uns am Stand unseres tschechischen Distributors AV Media treffen, der ebenfalls Partner der <a href="https://www.cuesystem.com/de/was-ist-neu/cue-an-der-dtu-2025/" class="more-link">… <span class="screen-reader-text">  CUE an der DTU 2025</span></a></p>
