{"id":32234,"date":"2025-08-18T15:44:51","date_gmt":"2025-08-18T13:44:51","guid":{"rendered":"https:\/\/www.cuesystem.com\/novedades\/cue-en-la-dtu-2025\/"},"modified":"2025-08-19T13:30:19","modified_gmt":"2025-08-19T11:30:19","slug":"cue-en-la-dtu-2025","status":"publish","type":"page","link":"https:\/\/www.cuesystem.com\/es\/novedades\/cue-en-la-dtu-2025\/","title":{"rendered":"CUE en la DTU 2025"},"content":{"rendered":"\t\t<div data-elementor-type=\"wp-page\" data-elementor-id=\"32234\" class=\"elementor elementor-32234 elementor-32126\" data-elementor-post-type=\"page\">\n\t\t\t\t<div class=\"elementor-element elementor-element-ee5dd2a e-con-full e-flex e-con e-child\" data-id=\"ee5dd2a\" data-element_type=\"container\" data-e-type=\"container\">\n\t\t\t\t<div class=\"elementor-element elementor-element-3f54a66 elementor-widget elementor-widget-heading\" data-id=\"3f54a66\" data-element_type=\"widget\" data-e-type=\"widget\" data-widget_type=\"heading.default\">\n\t\t\t\t<div class=\"elementor-widget-container\">\n\t\t\t\t\t<h3 class=\"elementor-heading-title elementor-size-default\">Eventos<\/h3>\t\t\t\t<\/div>\n\t\t\t\t<\/div>\n\t\t\t\t<div class=\"elementor-element elementor-element-15d3498 elementor-widget elementor-widget-heading\" data-id=\"15d3498\" data-element_type=\"widget\" data-e-type=\"widget\" data-widget_type=\"heading.default\">\n\t\t\t\t<div class=\"elementor-widget-container\">\n\t\t\t\t\t<h1 class=\"elementor-heading-title elementor-size-default\">CUE en la DTU 2025<\/h1>\t\t\t\t<\/div>\n\t\t\t\t<\/div>\n\t\t\t\t<div class=\"elementor-element elementor-element-f9558da elementor-widget-divider--view-line elementor-widget elementor-widget-divider\" data-id=\"f9558da\" data-element_type=\"widget\" data-e-type=\"widget\" data-widget_type=\"divider.default\">\n\t\t\t\t<div class=\"elementor-widget-container\">\n\t\t\t\t\t\t\t<div class=\"elementor-divider\">\n\t\t\t<span class=\"elementor-divider-separator\">\n\t\t\t\t\t\t<\/span>\n\t\t<\/div>\n\t\t\t\t\t\t<\/div>\n\t\t\t\t<\/div>\n\t\t<div class=\"elementor-element elementor-element-1da5e70 e-grid e-con-boxed e-con e-child\" data-id=\"1da5e70\" data-element_type=\"container\" data-e-type=\"container\">\n\t\t\t\t\t<div class=\"e-con-inner\">\n\t\t<div class=\"elementor-element elementor-element-cafd5a0 e-con-full e-flex e-con e-child\" data-id=\"cafd5a0\" data-element_type=\"container\" data-e-type=\"container\">\n\t\t\t\t<div class=\"elementor-element elementor-element-371961c elementor-widget elementor-widget-text-editor\" data-id=\"371961c\" data-element_type=\"widget\" data-e-type=\"widget\" data-widget_type=\"text-editor.default\">\n\t\t\t\t<div class=\"elementor-widget-container\">\n\t\t\t\t\t\t\t\t\t<p data-renderer-start-pos=\"137\">Nos complace anunciar que la CUE formar\u00e1 parte de la pr\u00f3xima conferencia sobre <em data-renderer-mark=\"true\">la Transformaci\u00f3n Digital de las Universidades<\/em>, que tendr\u00e1 lugar el <strong data-renderer-mark=\"true\">10 de septiembre de 2025<\/strong> en la Sala Arno\u0161t de Pardubice, Universidad de Pardubice.<\/p><p data-renderer-start-pos=\"346\">Puedes encontrarnos en el stand de nuestro distribuidor checo <strong data-renderer-mark=\"true\"><span data-highlighted=\"true\" data-vc=\"highlighted-text\"><span class=\"_kqswh2mm\"><span class=\"_5pioz8co _189eyh40 _1il9buyh _19lcevot _d0altlke\" data-testid=\"definition-highlighter\">AV<\/span><\/span><\/span> Media<\/strong>, que tambi\u00e9n es socio del evento. En representaci\u00f3n de CUE estar\u00e1 <strong data-renderer-mark=\"true\">Jaroslav Dibitanzl, Presidente del Consejo de Administraci\u00f3n<\/strong>. <\/p>\t\t\t\t\t\t\t\t<\/div>\n\t\t\t\t<\/div>\n\t\t\t\t<\/div>\n\t\t<div class=\"elementor-element elementor-element-ff033a0 e-con-full e-flex e-con e-child\" data-id=\"ff033a0\" data-element_type=\"container\" data-e-type=\"container\">\n\t\t\t\t<div class=\"elementor-element elementor-element-e36b8ce elementor-widget elementor-widget-image\" data-id=\"e36b8ce\" data-element_type=\"widget\" data-e-type=\"widget\" data-widget_type=\"image.default\">\n\t\t\t\t<div class=\"elementor-widget-container\">\n\t\t\t\t\t\t\t\t\t\t\t\t\t\t\t<img fetchpriority=\"high\" decoding=\"async\" width=\"1024\" height=\"683\" src=\"https:\/\/www.cuesystem.com\/wp-content\/uploads\/2025\/08\/DSC_8175.jpg-1024x683.webp\" class=\"attachment-large size-large wp-image-32135\" alt=\"\" srcset=\"https:\/\/www.cuesystem.com\/wp-content\/uploads\/2025\/08\/DSC_8175.jpg-1024x683.webp 1024w, https:\/\/www.cuesystem.com\/wp-content\/uploads\/2025\/08\/DSC_8175.jpg-300x200.webp 300w, https:\/\/www.cuesystem.com\/wp-content\/uploads\/2025\/08\/DSC_8175.jpg.webp 1920w\" sizes=\"(max-width: 1024px) 100vw, 1024px\" \/>\t\t\t\t\t\t\t\t\t\t\t\t\t\t\t<\/div>\n\t\t\t\t<\/div>\n\t\t\t\t<\/div>\n\t\t\t\t\t<\/div>\n\t\t\t\t<\/div>\n\t\t<div class=\"elementor-element elementor-element-d7cd6ef e-flex e-con-boxed e-con e-child\" data-id=\"d7cd6ef\" data-element_type=\"container\" data-e-type=\"container\">\n\t\t\t\t\t<div class=\"e-con-inner\">\n\t\t<div class=\"elementor-element elementor-element-eee8373 e-grid e-con-full e-con e-child\" data-id=\"eee8373\" data-element_type=\"container\" data-e-type=\"container\">\n\t\t<div class=\"elementor-element elementor-element-92d208f e-con-full e-flex e-con e-child\" data-id=\"92d208f\" data-element_type=\"container\" data-e-type=\"container\">\n\t\t\t\t<div class=\"elementor-element elementor-element-f8359be elementor-widget elementor-widget-image\" data-id=\"f8359be\" data-element_type=\"widget\" data-e-type=\"widget\" data-widget_type=\"image.default\">\n\t\t\t\t<div class=\"elementor-widget-container\">\n\t\t\t\t\t\t\t\t\t\t\t\t\t\t\t<img decoding=\"async\" width=\"1024\" height=\"683\" src=\"https:\/\/www.cuesystem.com\/wp-content\/uploads\/2025\/08\/DSC_8722.jpg-1024x683.webp\" class=\"attachment-large size-large wp-image-32140\" alt=\"\" srcset=\"https:\/\/www.cuesystem.com\/wp-content\/uploads\/2025\/08\/DSC_8722.jpg-1024x683.webp 1024w, https:\/\/www.cuesystem.com\/wp-content\/uploads\/2025\/08\/DSC_8722.jpg-300x200.webp 300w, https:\/\/www.cuesystem.com\/wp-content\/uploads\/2025\/08\/DSC_8722.jpg.webp 1920w\" sizes=\"(max-width: 1024px) 100vw, 1024px\" \/>\t\t\t\t\t\t\t\t\t\t\t\t\t\t\t<\/div>\n\t\t\t\t<\/div>\n\t\t\t\t<\/div>\n\t\t<div class=\"elementor-element elementor-element-2a02dc3 e-con-full e-flex e-con e-child\" data-id=\"2a02dc3\" data-element_type=\"container\" data-e-type=\"container\">\n\t\t\t\t<div class=\"elementor-element elementor-element-e36630d elementor-widget elementor-widget-text-editor\" data-id=\"e36630d\" data-element_type=\"widget\" data-e-type=\"widget\" data-widget_type=\"text-editor.default\">\n\t\t\t\t<div class=\"elementor-widget-container\">\n\t\t\t\t\t\t\t\t\t<p data-renderer-start-pos=\"528\">La conferencia, organizada por la Universidad de Pardubice bajo los auspicios del Ministerio de Educaci\u00f3n, Juventud y Deportes (M\u0160MT) y <span data-highlighted=\"true\" data-vc=\"highlighted-text\"><span class=\"_kqswh2mm\"><span class=\"_5pioz8co _189eyh40 _1il9buyh _19lcevot _d0altlke\" data-testid=\"definition-highlighter\">EUNIS<\/span><\/span><\/span>re\u00fane a dirigentes universitarios, expertos en TI e instituciones estatales. Se centra en los aspectos estrat\u00e9gicos y tecnol\u00f3gicos de la digitalizaci\u00f3n, desde la gesti\u00f3n de procesos y los marcos legislativos hasta el an\u00e1lisis de datos y la ciberseguridad. <\/p><p data-renderer-start-pos=\"902\">Esperamos unirnos a este importante debate sobre el futuro de la transformaci\u00f3n digital en la ense\u00f1anza superior.<\/p><p data-renderer-start-pos=\"902\"><strong>M\u00e1s informaci\u00f3n sobre este acto en <a class=\"_mizu1p6i _1ah31bk5 _ra3xnqa1 _128m1bk5 _1cvmnqa1 _4davt94y _4bfu18uv _1hms8stv _ajmmnqa1 _vchhusvi _kqswh2mm _syaz14q2 _ect41gqc _1a3b18uv _4fpr8stv _5goinqa1 _f8pj14q2 _9oik18uv _1bnxglyw _jf4cnqa1 _30l314q2 _1nrm18uv _c2waglyw _1iohnqa1 _9h8h16c2 _1053w7te _1ienw7te _n0fxw7te _1vhvg3x0\" title=\"https:\/\/digitalni-transformace-univerzit.cz\/\" href=\"https:\/\/digitalni-transformace-univerzit.cz\/\" data-renderer-mark=\"true\" data-is-router-link=\"false\" data-testid=\"link-with-safety\">https:\/\/digitalni-transformace-univerzit.cz\/.<\/a><\/strong><\/p>\t\t\t\t\t\t\t\t<\/div>\n\t\t\t\t<\/div>\n\t\t\t\t<\/div>\n\t\t\t\t<\/div>\n\t\t\t\t\t<\/div>\n\t\t\t\t<\/div>\n\t\t\t\t<\/div>\n\t\t\t\t<\/div>\n\t\t","protected":false},"excerpt":{"rendered":"<p>Eventos CUE en la DTU 2025 Nos complace anunciar que la CUE formar\u00e1 parte de la pr\u00f3xima conferencia sobre la Transformaci\u00f3n Digital de las Universidades, que tendr\u00e1 lugar el 10 de septiembre de 2025 en la Sala Arno\u0161t de Pardubice, Universidad de Pardubice. Puedes encontrarnos en el stand de nuestro distribuidor checo AV Media, que <a href=\"https:\/\/www.cuesystem.com\/es\/novedades\/cue-en-la-dtu-2025\/\" class=\"more-link\">&#8230;<span class=\"screen-reader-text\">  CUE en la DTU 2025<\/span><\/a><\/p>\n","protected":false},"author":11,"featured_media":0,"parent":31297,"menu_order":150,"comment_status":"closed","ping_status":"closed","template":"","meta":{"_acf_changed":false,"inline_featured_image":false,"footnotes":""},"kategorie":[],"class_list":["post-32234","page","type-page","status-publish","hentry"],"acf":[],"_links":{"self":[{"href":"https:\/\/www.cuesystem.com\/es\/wp-json\/wp\/v2\/pages\/32234","targetHints":{"allow":["GET"]}}],"collection":[{"href":"https:\/\/www.cuesystem.com\/es\/wp-json\/wp\/v2\/pages"}],"about":[{"href":"https:\/\/www.cuesystem.com\/es\/wp-json\/wp\/v2\/types\/page"}],"author":[{"embeddable":true,"href":"https:\/\/www.cuesystem.com\/es\/wp-json\/wp\/v2\/users\/11"}],"replies":[{"embeddable":true,"href":"https:\/\/www.cuesystem.com\/es\/wp-json\/wp\/v2\/comments?post=32234"}],"version-history":[{"count":1,"href":"https:\/\/www.cuesystem.com\/es\/wp-json\/wp\/v2\/pages\/32234\/revisions"}],"predecessor-version":[{"id":32235,"href":"https:\/\/www.cuesystem.com\/es\/wp-json\/wp\/v2\/pages\/32234\/revisions\/32235"}],"up":[{"embeddable":true,"href":"https:\/\/www.cuesystem.com\/es\/wp-json\/wp\/v2\/pages\/31297"}],"wp:attachment":[{"href":"https:\/\/www.cuesystem.com\/es\/wp-json\/wp\/v2\/media?parent=32234"}],"wp:term":[{"taxonomy":"kategorie","embeddable":true,"href":"https:\/\/www.cuesystem.com\/es\/wp-json\/wp\/v2\/kategorie?post=32234"}],"curies":[{"name":"wp","href":"https:\/\/api.w.org\/{rel}","templated":true}]}}

<div data-elementor-type="wp-page" data-elementor-id="32234" class="elementor elementor-32234 elementor-32126" data-elementor-post-type="page">
				<div class="elementor-element elementor-element-ee5dd2a e-con-full e-flex e-con e-child" data-id="ee5dd2a" data-element_type="container" data-e-type="container">
				<div class="elementor-element elementor-element-3f54a66 elementor-widget elementor-widget-heading" data-id="3f54a66" data-element_type="widget" data-e-type="widget" data-widget_type="heading.default">
				<div class="elementor-widget-container">
					<h3 class="elementor-heading-title elementor-size-default">Eventos</h3>				</div>
				</div>
				<div class="elementor-element elementor-element-15d3498 elementor-widget elementor-widget-heading" data-id="15d3498" data-element_type="widget" data-e-type="widget" data-widget_type="heading.default">
				<div class="elementor-widget-container">
					<h1 class="elementor-heading-title elementor-size-default">CUE en la DTU 2025</h1>				</div>
				</div>
				<div class="elementor-element elementor-element-f9558da elementor-widget-divider--view-line elementor-widget elementor-widget-divider" data-id="f9558da" data-element_type="widget" data-e-type="widget" data-widget_type="divider.default">
				<div class="elementor-widget-container">
							<div class="elementor-divider">
			<span class="elementor-divider-separator">
						</span>
		</div>
						</div>
				</div>
		<div class="elementor-element elementor-element-1da5e70 e-grid e-con-boxed e-con e-child" data-id="1da5e70" data-element_type="container" data-e-type="container">
					<div class="e-con-inner">
		<div class="elementor-element elementor-element-cafd5a0 e-con-full e-flex e-con e-child" data-id="cafd5a0" data-element_type="container" data-e-type="container">
				<div class="elementor-element elementor-element-371961c elementor-widget elementor-widget-text-editor" data-id="371961c" data-element_type="widget" data-e-type="widget" data-widget_type="text-editor.default">
				<div class="elementor-widget-container">
									<p data-renderer-start-pos="137">Nos complace anunciar que la CUE formará parte de la próxima conferencia sobre <em data-renderer-mark="true">la Transformación Digital de las Universidades</em>, que tendrá lugar el <strong data-renderer-mark="true">10 de septiembre de 2025</strong> en la Sala Arnošt de Pardubice, Universidad de Pardubice.</p><p data-renderer-start-pos="346">Puedes encontrarnos en el stand de nuestro distribuidor checo <strong data-renderer-mark="true"><span data-highlighted="true" data-vc="highlighted-text"><span class="_kqswh2mm"><span class="_5pioz8co _189eyh40 _1il9buyh _19lcevot _d0altlke" data-testid="definition-highlighter">AV</span></span></span> Media</strong>, que también es socio del evento. En representación de CUE estará <strong data-renderer-mark="true">Jaroslav Dibitanzl, Presidente del Consejo de Administración</strong>. </p>								</div>
				</div>
				</div>
		<div class="elementor-element elementor-element-ff033a0 e-con-full e-flex e-con e-child" data-id="ff033a0" data-element_type="container" data-e-type="container">
				<div class="elementor-element elementor-element-e36b8ce elementor-widget elementor-widget-image" data-id="e36b8ce" data-element_type="widget" data-e-type="widget" data-widget_type="image.default">
				<div class="elementor-widget-container">
															<img fetchpriority="high" decoding="async" width="1024" height="683" src="https://www.cuesystem.com/wp-content/uploads/2025/08/DSC_8175.jpg-1024x683.webp" class="attachment-large size-large wp-image-32135" alt="" srcset="https://www.cuesystem.com/wp-content/uploads/2025/08/DSC_8175.jpg-1024x683.webp 1024w, https://www.cuesystem.com/wp-content/uploads/2025/08/DSC_8175.jpg-300x200.webp 300w, https://www.cuesystem.com/wp-content/uploads/2025/08/DSC_8175.jpg.webp 1920w" sizes="(max-width: 1024px) 100vw, 1024px" />															</div>
				</div>
				</div>
					</div>
				</div>
		<div class="elementor-element elementor-element-d7cd6ef e-flex e-con-boxed e-con e-child" data-id="d7cd6ef" data-element_type="container" data-e-type="container">
					<div class="e-con-inner">
		<div class="elementor-element elementor-element-eee8373 e-grid e-con-full e-con e-child" data-id="eee8373" data-element_type="container" data-e-type="container">
		<div class="elementor-element elementor-element-92d208f e-con-full e-flex e-con e-child" data-id="92d208f" data-element_type="container" data-e-type="container">
				<div class="elementor-element elementor-element-f8359be elementor-widget elementor-widget-image" data-id="f8359be" data-element_type="widget" data-e-type="widget" data-widget_type="image.default">
				<div class="elementor-widget-container">
															<img decoding="async" width="1024" height="683" src="https://www.cuesystem.com/wp-content/uploads/2025/08/DSC_8722.jpg-1024x683.webp" class="attachment-large size-large wp-image-32140" alt="" srcset="https://www.cuesystem.com/wp-content/uploads/2025/08/DSC_8722.jpg-1024x683.webp 1024w, https://www.cuesystem.com/wp-content/uploads/2025/08/DSC_8722.jpg-300x200.webp 300w, https://www.cuesystem.com/wp-content/uploads/2025/08/DSC_8722.jpg.webp 1920w" sizes="(max-width: 1024px) 100vw, 1024px" />															</div>
				</div>
				</div>
		<div class="elementor-element elementor-element-2a02dc3 e-con-full e-flex e-con e-child" data-id="2a02dc3" data-element_type="container" data-e-type="container">
				<div class="elementor-element elementor-element-e36630d elementor-widget elementor-widget-text-editor" data-id="e36630d" data-element_type="widget" data-e-type="widget" data-widget_type="text-editor.default">
				<div class="elementor-widget-container">
									<p data-renderer-start-pos="528">La conferencia, organizada por la Universidad de Pardubice bajo los auspicios del Ministerio de Educación, Juventud y Deportes (MŠMT) y <span data-highlighted="true" data-vc="highlighted-text"><span class="_kqswh2mm"><span class="_5pioz8co _189eyh40 _1il9buyh _19lcevot _d0altlke" data-testid="definition-highlighter">EUNIS</span></span></span>reúne a dirigentes universitarios, expertos en TI e instituciones estatales. Se centra en los aspectos estratégicos y tecnológicos de la digitalización, desde la gestión de procesos y los marcos legislativos hasta el análisis de datos y la ciberseguridad. </p><p data-renderer-start-pos="902">Esperamos unirnos a este importante debate sobre el futuro de la transformación digital en la enseñanza superior.</p><p data-renderer-start-pos="902"><strong>Más información sobre este acto en <a class="_mizu1p6i _1ah31bk5 _ra3xnqa1 _128m1bk5 _1cvmnqa1 _4davt94y _4bfu18uv _1hms8stv _ajmmnqa1 _vchhusvi _kqswh2mm _syaz14q2 _ect41gqc _1a3b18uv _4fpr8stv _5goinqa1 _f8pj14q2 _9oik18uv _1bnxglyw _jf4cnqa1 _30l314q2 _1nrm18uv _c2waglyw _1iohnqa1 _9h8h16c2 _1053w7te _1ienw7te _n0fxw7te _1vhvg3x0" title="https://digitalni-transformace-univerzit.cz/" href="https://digitalni-transformace-univerzit.cz/" data-renderer-mark="true" data-is-router-link="false" data-testid="link-with-safety">https://digitalni-transformace-univerzit.cz/.</a></strong></p>								</div>
				</div>
				</div>
				</div>
					</div>
				</div>
				</div>
				</div>

<p>Eventos CUE en la DTU 2025 Nos complace anunciar que la CUE formará parte de la próxima conferencia sobre la Transformación Digital de las Universidades, que tendrá lugar el 10 de septiembre de 2025 en la Sala Arnošt de Pardubice, Universidad de Pardubice. Puedes encontrarnos en el stand de nuestro distribuidor checo AV Media, que <a href="https://www.cuesystem.com/es/novedades/cue-en-la-dtu-2025/" class="more-link">&#8230;<span class="screen-reader-text">  CUE en la DTU 2025</span></a></p>
